(-2 + 0 - 8).
-13
-1 + (16 - 14) - (0 - -3)
-2
What is the value of (-84 - -70) + (1 - -10)?
-3
Evaluate 16 - (3 + -7) - 18.
2
What is the value of 54 + 4 + -40 - (-1 - -6)?
13
-6 + 3 + (15 - 0) + -93 + 103
22
What is the value of -6 + (36 - (22 + -11))?
19
What is (-14 + 0 + 20 + -15 - 2) + -1?
-12
What is -13 + 17 + -11 + -12 - 17?
-36
What is -3 - (2 - (22 - 7))?
10
Evaluate -6 + (22 - 10 - 2).
4
Calculate ((-4 - -11) + 4 - (55 + -13)) + -8.
-39
What is 0 + 2 + (4 + 9 - 9) - -4?
10
-8 + 17 + (-5 - (4 - 15)) + -42
-27
What is 141 + -112 + 0 + -24?
5
Evaluate 5 - (73 + -48 - (11 + -1)).
-10
What is -8 - -9 - 10 - -6?
-3
What is the value of -1 - (8 + -11 - (5 - 0))?
7
-11 + (-7 + 0 - (-40 + 36)) - 8
-22
Calculate -50 + -15 + 29 + 15.
-21
What is the value of 7 - ((8 - -9) + 1)?
-11
Evaluate (8 - (-2 + 6)) + 1 + 6.
11
(-1 + -6 - 5 - -7) + 12
7
Calculate -1 - 16 - (0 + (6 - 34)).
11
Evaluate 31 + (-38 - -61 - 73).
-19
What is the value of (-15 - -5) + 16 + (-15 - -1)?
-8
Calculate 10 - (11 + (-12 - -13)).
-2
Calculate -3 - 1 - ((-3 - 0) + -45 + 52).
-8
Evaluate (20 - 28) + -3 + 2 + 17.
8
What is 2 + 5 - (6 + 5 + -14 + 0)?
10
Evaluate (10 - 12) + -29 + 30.
-1
Calculate -21 + 12 + 5 + 21 + (7 - 2).
22
What is the value of (27 - 49 - -36) + (7 - 3)?
18
What is 8 - (10 + -8 + (1 - 6))?
11
Calculate (-22 - -31) + 7 + (6 - 1) + -6.
15
-1 - ((-4 - -3) + 7) - (-1 + -6)
0
What is the value of 8 - (26 - (-2 + 11)) - 10?
-19
-2 + 8 + -11 - (0 + -3 - 7)
5
Calculate (30 - 37) + 27 + 0 + 0 + -8.
12
4 + 27 + (50 - 80)
1
Calculate 1 + 5 + -67 + 65 - -7.
11
94 + -101 - ((-1 - 11) + -1)
6
Calculate -2 - (5 - ((7 - 6) + -5)).
-11
(23 - 35) + 7 - -3
-2
What is the value of (4 + 15 - 8) + (-18 - -5)?
-2
Calculate 9 + -12 + 0 + 20 + -4.
13
Evaluate 34 + -35 + 3 - (0 + 21).
-19
What is 32 + -3 + -14 + -26?
-11
What is -14 + 19 + -6 + 15?
14
What is (-11 - -7) + -16 + 25?
5
What is -15 + (-18 - -19 - -8)?
-6
Calculate 9 - (-89 + 14) - 46.
38
What is the value of 7 - (5 - (-8 + 5) - 21)?
20
What is 3 + -13 + -6 + 37?
21
What is 5 + (26 - (-16 + 30))?
17
22 + (2 - 8) + (16 - 8)
24
(16 - (25 + -1)) + 35
27
Calculate (-7 - -11) + -8 + (0 - 1).
-5
2 + -2 + (55 - 61) + 25
19
What is the value of 11 - (5 - (-1 - (-6 - -3) - 3))?
5
-34 + 0 + 100 + -83
-17
What is the value of 0 - (-10 + 14) - (12 + -3)?
-13
What is -17 - (18 - (6 + (1 - (1 - 1))))?
-28
Evaluate (-7 - (21 - 62)) + -18.
16
What is the value of 22 + (-7 - -1 - 5) - 36?
-25
Evaluate -7 - -2 - (10 - (3 + -18 + 6)).
-24
Calculate 0 + 2 + 1 + 0.
3
What is 133 + -80 + (-37 - 1)?
15
Evaluate (3 - (-15 - -15)) + 2.
5
-6 + 11 + 0 - -8 - (0 + 6)
7
59 + -37 + -17 - (-2 - 4 - -4)
7
-34 + 2 - (253 + -270) - -1
-14
What is the value of (4 - -2) + (-18 - -23)?
11
What is -4 + 0 + 3 - (10 - (-12 + 31))?
8
What is 15 + (-8 - (2 - -3)) + 7?
9
Calculate -5 - (4 + 8 + -8 - 14 - 4).
9
Calculate -4 - (19 + -17) - -18.
12
What is the value of -13 - (-4 - 37 - 9) - 10?
27
-183 + 182 + -1 + 3 + (-1 - 0)
0
Evaluate 4 + 23 + -14 - 18.
-5
What is the value of -23 + (-22 + 25 - (-7 + 4 - 2))?
-15
What is the value of 1 - 32 - (-1 + -48 + 40)?
-22
(-2 - (-3 - 2)) + 45 + -12 + -36
0
Calculate -833 - -867 - (3 - 2 - -6).
27
(-7 - -40) + 120 + -149
4
Evaluate (-40 - (46 - 94)) + (1 - 9).
0
Evaluate -14 + 0 + 9 + 46 + -54.
-13
What is the value of -7 - (0 + (-1 - 4) - (-437 - -444))?
5
What is the value of -18 - (12 - (55 - 21))?
4
-1273 - -1279 - ((-2 - -21) + 0 + 0)
-13
What is the value of 1 - (15 + -4) - 4?
-14
What is 8 + -2 + (-62 - -83)?
27
Calculate -16 + 2 - 3 - (7 + -15 + 6).
-15
15 + -20 - (1 - (0 + -3))
-9
Calculate (-4 - (5 - 8)) + 0 + -7 - 2.
-10
What is 11 - (-5 + 3 + 9 + 7)?
-3
Evaluate -6 - (1 - (7 + -4 - -4)).
0
What is 0 + -1 + -32 + -4 + 23?
-14
What is -8 + 1 - (-14 - -19 - 15) - 3?
0
Calculate -14 - (18 - 15 - -4).
-21
Calculate 19 + -31 - (-19 - (-12 - -11)).
6
1 - 9 - (-30 + 4 + -8 + 10)
16
What is the value of -11 - (-4 + 1 + 0)?
-8
What is -18 + 6 + -11 + 6 + 7 + 7?
-3
Calculate (17 - -3) + (323 - 340).
3
(12 + -11 - 3) + (-1 - 6)
-9
Evaluate 4 + (-5 - (3 + -3)) - (-3 - -7).
-5
-2 + 19 - (3 - 5 - 7 - -2)
24
What is -7 + -1 + 12 + 1 + -8 + -5?
-8
Calculate (-7 + -1 - 4) + (-11 - -25).
2
Calculate 0 + 1 + (-52 + 44 - 0).
-7
Calculate -108 + 55 - -39 - (9 + -1).
-22
Evaluate -37 + 32 - (-4 + 2 + 2 + -28).
23
Evaluate (-7 - -4) + (0 - (1 + -6)) + 1.
3
Calculate 12 + (-7 - (9 + -10)) + 4.
10
Evaluate (3 + -1 - -4) + (0 - (28 + -19)).
-3
What is the value of -5 + (-28 - -25 - 13)?
-21
Evaluate (2 - 13) + 33 + -10.
12
Evaluate (0 + -10 - 1 - -9) + (36 - 6).
28
Evaluate -2 - (-7 + 8 - -3 - 6).
0
What is the value of (-41 - -23) + 23 - (-2 - (2 + 0))?
9
Evaluate -8 - ((7 + -12 - -6) + 5) - -3.
-11
3 + 7 - (-32 + 50)
-8
Evaluate -3 + -5 - (-7 + 6 - -10).
-17
-10 - 2 - (-17 - (-5 + -9))
-9
Evaluate -1 - (-32 + 14) - (0 - 6).
23
What is -89 + 106 + (-25 - 0)?
-8
-7 - (3 + -28 + -11)
29
Calculate 84 + -61 + (2 - (-22 - -7)).
40
What is 12 + -20 + 37 + -14?
15
Calculate 96 + -86 + (-23 - (-3 - -4)).
-14
What is the value of -27 - (-28 + 12 + 1)?
-12
What is the value of -4 - (-9 - -5) - 15?
-15
Evaluate 2 + 4 - (-58 + 58) - (21 + 0).
-15
(-20 - -5 - -21) + (3 - (-1 + 0))
10
1 - (27 - (31 + -13))
-8
Evaluate (-1 - (3 + -1)) + (-106 - -122) - 2.
11
Evaluate 5 + 14 + 12 - 7 - (0 + -5).
29
What is the value of (37 - (12 + -17)) + -38?
4
Evaluate -9 - -10 - 5 - 6 - (6 + 0).
-16
Evaluate (2 + 3 - -10) + 7 - 5.
17
Calculate 800 + -817 + 2 + 0 + -1.
-16
-2 + -9 + 0 + (1079 - 1084)
-16
What is -18 - -8 - (0 + -4) - 0 - 6?
-12
19 + -2 - (-2 - -4)
15
Calculate (-11 - -9 - 1) + 5 - -6 - 33.
-25
Evaluate 10 + -23 + 10 + 5.
2
What is (-2 - 16) + -226 + 241?
-3
What is the value of -37 + (3 - -16) + 6?
-12
Evaluate 33 - (13 + -18) - 58.
-20
Calculate -8 + 7 - (5 - (6 + -12)).
-12
What is -205 + 211 + (3 - 2) + -4?
3
Calculate -222 - -222 - (1 + -15 + 2).
12
Evaluate 1 + -8 + 7 + -3 + 2 + -16.
-17
What is the value of (-2 + 2 - 2) + (-6 - (62 + -94))?
24
Evaluate -3 + 2 + (3 - -1 - -3) + -8.
-2
Calculate (2 - -3) + 37 + -48.
-6
What is the value of 4 + 1 + 1 + -220 + 74 + 145?
5
Evaluate -8 - -5 - (-5 - -4).
-2
What is the value of (1 - 28 - (7 - 2)) + (-14 - -26)?
-20
What is (-18 - -30) + -6 + 1 + -30?
-23
Calculate (6 - 20) + 6 - 10 - -3.
-15
Evaluate 13 + -18 + 2 + -3.
-6
What is the value of (21 - 23) + 25 + (-3 - 4)?
16
What is (-28 - 0) + (-5 + (3 - 0) - -11)?
-19
Evaluate (11 - (14 - (-8 - -6))) + 24.
19
Calculate 13 - (-21 + 32) - 4.
-2
Evaluate -25 + (-1 - (-6 - (-5 + (6 - -1)))).
-18
What is (-117 - -128 - (2 + 0)) + (-2 - -5)?
12
What is the value of -2 - (-4 + 12 + (-3 - 0) + -18)?
11
What is the value of (28 - 2) + (-515 - -491)?
2
8 + -2 - (9 - (-13 - 1))
-17
Evaluate 9 + -7 + -25 + 35 + -36.
-24
What is 62 + -71 - (-1 + -9 - (1 - 4))?
-2
What is the value of 26 + -22 - (4 + -8)?
8
What is -18 + -32 + 44 - -12?
6
6 - 2 - ((-8 - (-5 + 3)) + 4)
6
What is -9 + (-3 - -7) - 2 - (-13 + 0)?
6
Calculate 694 + -688 - ((-1 - -1) + 1) - 3.
2
What is 62 + -24 - 11 - 18?
9
(12 - (8 + 1)) + 0 + -7
-4
Evaluate -32 + -1 + -5 + (-14 - -21).
-31
Evaluate 14 - (-16 - (-13 - (-1 - -17))).
1
What is 27 - 8 - (-10 + 6 + -9)?
32
Evaluate -29 + 17 + 12 + (2 - 3) + -1.
-2
Calculate -7 + (-14 - -5) + 2 + 18 - 25.
-21
Calculate 11 - ((-6 - (-3 - 6)) + 9).
-1
Calculate -18 - (37 + -15 - 13 - 16).
-11
(-6 - -1) + 3 + 1 + 0 + -3
-4
What is 0 - 8 - (13 + -15 - 17)?
11
What is the value of -2 + (3 + (5 - (-12 - -4)) - -8)?
22
Calculate (-1 - 1) + (10 - ((9 - -1) + -6)).
4
Calculate 16 - (0 - (2 + -22 + 8)).
4
35 - (3 + (-9 - -20) + -2)
23
What is 30 + -37 + (-2 - -6)?
-3
Calculate 8 + 38 + -28 - 12.
6
-29 - (-13 + 15 + 4 - 24)
-11
What is the value of -27 + 28 + 23 - 13?
11
Calculate -11 - 0 - (3 + -3) - -3.
-8
-122 - -132 - (1 + -4 + 12)
1
Evaluate 56 + -69 + (12 - 3) + 17.
13
What is -4 - (-27 + 12) - 19?
-8
What is 6 - (-27 - -34 - (9 - 0))?
8
(-28 - 2 - (16 + -30)) + 40
24
(-9 - (-3 - 2) - -3) + 16
15
What is -19 - (-11 + (-17 - -6))?
3
11 - (-34 - -23 - (-1 + -3))
18
Calculate (-2 - (-30 - 0) - (-108 - -118)) + -1.
17
-30 + -4 + 22 + 27 + 1
16
Evaluate (0 - 0) + (-9 - (-6 - 6)) + 0.
3
Evaluate 80 + (58 - 121) + -17 + 1.
1
8 + -11 + 10 - (-1 - -21)
-13
Wha